lions digit of 2155189032?
1
What is the units digit of 521901295?
5
What is the tens digit of 23577614?
1
What is the millions digit of 7729350?
7
What is the thousands digit of 69087985?
7
What is the tens digit of 159827800?
0
What is the tens digit of 23255630?
3
What is the units digit of 6939986186?
6
What is the hundred thousands digit of 2436073377?
0
What is the tens digit of 23566171?
7
What is the tens digit of 171128635?
3
What is the ten thousands digit of 23539338?
3
What is the thousands digit of 11928625?
8
What is the thousands digit of 24284046?
4
What is the units digit of 230225163?
3
What is the ten millions digit of 74434533?
7
What is the hundreds digit of 1150676680?
6
What is the thousands digit of 82520964?
0
What is the millions digit of 170835674?
0
What is the thousands digit of 4004841865?
1
What is the billions digit of 4434230510?
4
What is the ten millions digit of 2445803050?
4
What is the hundred thousands digit of 542228881?
2
What is the tens digit of 2731428955?
5
What is the thousands digit of 764384819?
4
What is the tens digit of 122859076?
7
What is the millions digit of 39274183?
9
What is the millions digit of 1315323757?
5
What is the hundred millions digit of 114414137?
1
What is the hundred thousands digit of 2306346838?
3
What is the tens digit of 44607331?
3
What is the ten millions digit of 31549871?
3
What is the hundred millions digit of 683137875?
6
What is the millions digit of 3547302170?
7
What is the ten millions digit of 902581697?
0
What is the units digit of 36596339?
9
What is the ten thousands digit of 846135130?
3
What is the hundred thousands digit of 72982625?
9
What is the hundreds digit of 5309476874?
8
What is the tens digit of 380540611?
1
What is the tens digit of 25797406?
0
What is the millions digit of 108759535?
8
What is the hundred millions digit of 196449449?
1
What is the tens digit of 2416133915?
1
What is the thousands digit of 107765376?
5
What is the hundred millions digit of 1084898816?
0
What is the hundred millions digit of 610218687?
6
What is the millions digit of 661216954?
1
What is the units digit of 593542488?
8
What is the hundreds digit of 133696887?
8
What is the millions digit of 440129940?
0
What is the tens digit of 1147938030?
3
What is the millions digit of 84263601?
4
What is the units digit of 117258375?
5
What is the hundreds digit of 2486470?
4
What is the hundred millions digit of 374608863?
3
What is the thousands digit of 1266026905?
6
What is the hundreds digit of 1335371086?
0
What is the thousands digit of 21643195?
3
What is the tens digit of 46525355?
5
What is the ten millions digit of 17699227?
1
What is the hundred millions digit of 4003728372?
0
What is the thousands digit of 178338179?
8
What is the millions digit of 60388325?
0
What is the ten thousands digit of 12022027?
2
What is the units digit of 46607131?
1
What is the billions digit of 1028146924?
1
What is the tens digit of 211002649?
4
What is the ten thousands digit of 335275837?
7
What is the ten millions digit of 2487138807?
8
What is the tens digit of 93282105?
0
What is the millions digit of 503391376?
3
What is the hundred millions digit of 723754744?
7
What is the thousands digit of 588085533?
5
What is the units digit of 16562101?
1
What is the thousands digit of 312384452?
4
What is the hundreds digit of 718314430?
4
What is the millions digit of 144304781?
4
What is the hundreds digit of 1976474337?
3
What is the millions digit of 326578702?
6
What is the thousands digit of 95566776?
6
What is the millions digit of 35880996?
5
What is the hundred thousands digit of 2088862907?
8
What is the billions digit of 1049653194?
1
What is the ten millions digit of 99091113?
9
What is the tens digit of 62875678?
7
What is the ten millions digit of 6054547024?
5
What is the millions digit of 1126085378?
6
What is the hundred thousands digit of 248906192?
9
What is the hundreds digit of 4539983271?
2
What is the tens digit of 315132525?
2
What is the ten millions digit of 45464124?
4
What is the tens digit of 1211605489?
8
What is the millions digit of 1208999688?
8
What is the billions digit of 2302732738?
2
What is the thousands digit of 571792?
1
What is the units digit of 4880397624?
4
What is the units digit of 502286785?
5
What is the ten thousands digit of 444255776?
5
What is the hundred thousands digit of 294301923?
3
What is the units digit of 4620625?
5
What is the units digit of 426724012?
2
What is the billions digit of 3702896040?
3
What is the tens digit of 1255086939?
3
What is the ten millions digit of 225385315?
2
What is the thousands digit of 87497841?
7
What is the ten thousands digit of 725765114?
6
What is the hundred millions digit of 7502108738?
5
What is the hundreds digit of 28782886?
8
What is the millions digit of 494662518?
4
What is the units digit of 237461615?
5
What is the millions digit of 811728833?
1
What is the ten thousands digit of 7574390?
7
What is the hundreds digit of 160833463?
4
What is the hundred millions digit of 3186103171?
1
What is the tens digit of 1350846726?
2
What is the hundred millions digit of 793414389?
7
What is the thousands digit of 1066210249?
0
What is the ten thousands digit of 41682413?
8
What is the hundreds digit of 134581007?
0
What is the thousands digit of 431953971?
3
What is the thousands digit of 172882027?
2
What is the ten thousands digit of 1624319247?
1
What is the units digit of 2499294428?
8
What is the millions digit of 227437450?
7
What is the ten millions digit of 1289293305?
8
What is the millions digit of 319869515?
9
What is the units digit of 276897875?
5
What is the thousands digit of 385045437?
5
What is the hundreds digit of 190826837?
8
What is the tens digit of 473337994?
9
What is the ten millions digit of 83898363?
8
What is the hundred millions digit of 384169402?
3
What is the thousands digit of 153418315?
8
What is the ten millions digit of 17207345?
1
What is the hundred thousands digit of 2234891315?
8
What is the millions digit of 34457595?
4
What is the millions digit of 613971749?
3
What is the ten thousands digit of 5306281891?
8
What is the hundreds digit of 2175461285?
2
What is the hundreds digit of 3408634252?
2
What is the millions digit of 954097157?
4
What is the ten thousands digit of 14562320?
6
What is the ten thousands digit of 30640037?
4
What is the thousands digit of 65213715?
3
What is the millions digit of 313644866?
3
What is the thousands digit of 152563044?
3
What is the hundred thousands digit of 1036003850?
0
What is the ten millions digit of 75643407?
7
What is the units digit of 1503361582?
2
What is the millions digit of 2521518798?
1
What is the tens digit of 714514142?
4
What is the ten thousands digit of 120711097?
1
What is the units digit of 1484033359?
9
What is the millions digit of 116040002?
6
What is the ten thousands digit of 1930361679?
6
What is the ten thousands digit of 6102942204?
4
What is the thousands digit of 11773516?
3
What is the tens digit of 365640680?
8
What is the millions digit of 488188011?
8
What is the units digit of 3817385664?
4
What is the hundred thousands digit of 3566866869?
8
What is the hundred thousands digit of 1930877715?
8
What is the millions digit of 37868906?
7
What is the ten thousands digit of 185589400?
8
What is the units digit of 1003592916?
6
What is the hundreds digit of 865619372?
3
What is the hundred millions digit of 4281176200?
2
What is the ten millions digit of 2233070601?
3
What is the units digit of 518748296?
6
What is the hundred millions digit of 1798242564?
7
What is the millions digit of 33943341?
3
What is the thousands digit of 2188880185?
0
What is the hundreds digit of 1780451940?
9
What is the millions digit of 33500328?
3
What is the hundred thousands digit of 483588439?
5
What is the hundreds digit of 543943640?
6
What is the hundreds digit of 5677467732?
7
What is the hundred thousands digit of 719126017?
1
What is the hundred millions digit of 611994143?
6
What is the millions digit of 382874436?
2
What is the ten thousands digit of 74086371?
8
What is the ten millions digit of 48944948?
4
What is the hundred millions digit of 2118967221?
1
What is the tens digit of 6